**2 + 2. Give p(1).
-10
Let w(r) = 2*r**2 - 30*r - 14. Calculate w(15).
-14
Let f(y) = y + 16. Calculate f(0).
16
Let y(k) = 35*k**2 - k. Determine y(-1).
36
Let w(f) = 3*f + 33. Calculate w(8).
57
Let k(c) = -5*c - 48. What is k(-12)?
12
Let i(l) = 6*l + 2. Calculate i(-4).
-22
Let o(z) = 138*z - 556. Calculate o(4).
-4
Let y(j) = 5*j - 22. Calculate y(2).
-12
Let o(y) = -y**3 - y**2 - 2*y - 52. What is o(0)?
-52
Let y(u) = u**2 + 12*u + 33. Determine y(-11).
22
Let g(w) = -w**2 + 13*w - 24. Calculate g(7).
18
Let s(z) = -z**2 + 11*z + 8. Give s(12).
-4
Let z(n) = 13*n - 39. What is z(3)?
0
Let g(a) = 4*a**2 + 9*a + 13. Give g(0).
13
Let r(l) = -l**2 + 6*l + 12. Give r(9).
-15
Let n(o) = 35*o - 1. Determine n(-1).
-36
Let u(w) = -w**2 + 8*w - 5. What is u(10)?
-25
Let p(d) = d**2 - 20*d - 54. Determine p(23).
15
Let m(b) = b + 35. What is m(-10)?
25
Let x(b) = -b**2 + 13*b - 30. What is x(9)?
6
Let f(v) = 13*v - 47. Determine f(6).
31
Let d(m) = m**2 + 14*m + 5. Calculate d(0).
5
Let c(v) = 8*v - 1. Calculate c(-1).
-9
Let p(r) = -2*r**3 - 10*r**2 - 3*r + 5. Determine p(-7).
222
Let t(l) = -l**3 + 8*l**2 - 12*l - 4. Give t(6).
-4
Let s(o) = 20*o + 6. Calculate s(-5).
-94
Let u(f) = -44*f**2 - f. Determine u(-1).
-43
Let w(s) = -s**2 + 10*s - 6. What is w(9)?
3
Let l(s) = s**3 + 4*s**2 - 4*s + 5. What is l(-4)?
21
Let p(t) = 3*t + 42. Determine p(-15).
-3
Let m(p) = -p**2 - 10*p - 15. Calculate m(-9).
-6
Let l(n) = -n**2 + 34*n - 254. What is l(23)?
-1
Let h(t) = 32*t - 90. Give h(3).
6
Let f(j) = -122*j + 490. Calculate f(4).
2
Let u(l) = l**3 - 25*l**2 + 26*l - 53. What is u(24)?
-5
Let f(p) = -20*p + 86. Give f(4).
6
Let m(a) = 5*a**3 + a**2 + 2*a + 1. Calculate m(-1).
-5
Let s(d) = -20*d + 5. What is s(-3)?
65
Let f(d) = 4*d**3 + d**2 - 3*d - 5. Calculate f(-2).
-27
Let j(m) = m**3 + 27*m**2 - 43. What is j(-27)?
-43
Let z(v) = v**3 + 4*v**2 + v + 4. Calculate z(-4).
0
Let g(f) = f**2 + 5*f - 2. What is g(3)?
22
Let q(x) = -2*x + 7. What is q(-7)?
21
Let t(v) = -v - 5. Determine t(0).
-5
Let q(a) = -a**3 + 11*a**2 + 14*a - 19. Calculate q(12).
5
Let b(l) = -l**2 - 11*l + 11. Give b(-13).
-15
Let m(c) = -8*c**2 - 4*c + 4. Determine m(2).
-36
Let x(s) = 2*s**3 + 3*s**2 - 2*s - 1. What is x(2)?
23
Let s(y) = -y + 4. Calculate s(4).
0
Let m(i) = -i**2 + 4*i - 11. Calculate m(7).
-32
Let d(l) = 17*l - 26. Determine d(2).
8
Let n(h) = -h**2 - 2*h + 14. Determine n(-5).
-1
Let i(f) = -13*f**2 + 133*f - 23. Calculate i(10).
7
Let y(s) = -3*s + 3. Calculate y(-5).
18
Let z(u) = u**2 + 5*u - 24. What is z(-11)?
42
Let v(z) = z**3 - 19*z**2 - z + 27. What is v(19)?
8
Let k(d) = 2*d**3 - 4*d**2 + 6*d - 7. Give k(2).
5
Let j(t) = t**3 - 10*t**2 + 13*t - 3. Calculate j(9).
33
Let p(c) = -4*c - 16. Determine p(-3).
-4
Let c(x) = -x + 17. What is c(3)?
14
Let y(t) = 18*t + 2. Give y(-2).
-34
Let w(g) = g**2 + 11*g - 13. Give w(-12).
-1
Let q(r) = -4*r**3 - r**2 - 2*r. Calculate q(-1).
5
Let a(t) = -10*t + 92. Determine a(9).
2
Let o(j) = -21*j - 106. What is o(-5)?
-1
Let t(l) = -4*l - 20. Give t(-5).
0
Let f(g) = g**2 - 4*g - 13. What is f(0)?
-13
Let h(s) = -s**3 + 10*s**2 + 2*s - 2. Determine h(10).
18
Let p(t) = -2*t + 7. Determine p(3).
1
Let d(c) = 16*c**2 - 128*c - 12. What is d(8)?
-12
Let f(x) = x**2 - 7*x - 13. What is f(9)?
5
Let q(k) = k**2 + 9*k - 21. Calculate q(-10).
-11
Let p(n) = -n**3 + 11*n**2 - 13*n + 6. Calculate p(9).
51
Let n(o) = -o**2 + 2*o - 3. What is n(3)?
-6
Let v(m) = 2*m**3 + 3*m**2 - 2*m + 1. Give v(-2).
1
Let g(p) = -p**3 - 4*p**2 - 3*p - 1. Give g(-2).
-3
Let y(g) = -63*g**2 + 2*g. Calculate y(-1).
-65
Let d(k) = 2*k**2 - 5*k. Give d(-2).
18
Let y(x) = -5*x - 7. Give y(-8).
33
Let f(n) = n**2 + 10*n + 4. Give f(-7).
-17
Let l(p) = 38*p + 152. What is l(-4)?
0
Let c(a) = a**3 - 4*a**2 - 2*a - 10. Determine c(5).
5
Let n(b) = -b - 9. Give n(5).
-14
Let y(z) = 2*z**2 + 15*z + 1. What is y(-10)?
51
Let b(x) = x**2 - 7*x - 7. Determine b(10).
23
Let c(r) = 5*r**2 + 9*r + 4. Give c(-4).
48
Let w(q) = -q**3 + 11*q**2 + 26*q + 1. Calculate w(13).
1
Let z(d) = -d**2 + 10*d - 9. Determine z(11).
-20
Let n(o) = -o**3 + 3*o**2 + 8*o - 11. What is n(4)?
5
Let n(d) = d**2 + 14*d - 13. What is n(-15)?
2
Let b(j) = -j**2 - 4*j - 6. Determine b(-5).
-11
Let g(u) = -6*u + 53. Calculate g(8).
5
Let a(n) = -101*n + 397. Give a(4).
-7
Let k(p) = -p**3 - 10*p**2 - 16*p + 6. Determine k(-3).
-9
Let f(b) = -b**3 - 6*b**2 + 25*b + 94. Calculate f(-3).
-8
Let v(b) = b - 24. Give v(9).
-15
Let v(a) = -5*a - 5. Give v(-9).
40
Let c(i) = -51*i - 143. Calculate c(-3).
10
Let a(b) = -b**2 + 17*b + 40. Determine a(19).
2
Let u(j) = -j**2 + 8*j + 10. Calculate u(10).
-10
Let m(l) = -2*l**2 + 7*l + 1. Calculate m(4).
-3
Let f(p) = -p**2 - 3*p + 5. Give f(-4).
1
Let r(c) = 11*c - 29. Give r(3).
4
Let z(y) = -y**2 - 12*y + 56. Determine z(-14).
28
Let f(j) = j**3 - 4*j**2 + 4*j - 7. Determine f(3).
-4
Let f(n) = 14*n - 65. Calculate f(5).
5
Let j(p) = -p**2 - 2*p + 1. What is j(-6)?
-23
Let v(k) = -k**2 - 6*k + 22. Calculate v(-11).
-33
Let r(c) = -4*c**2 + 3. Calculate r(-2).
-13
Let z(d) = -d**3 - 17*d**2 - 56*d + 50. Determine z(-12).
2
Let z(d) = -d**2 + 12*d + 31. Determine z(14).
3
Let w(a) = a + 13. Determine w(-6).
7
Let f(j) = j**3 - 6*j**2 + 5*j - 8. Calculate f(5).
-8
Let r(c) = c**3 + 3*c**2 + 5*c + 4. Calculate r(-3).
-11
Let s(h) = -11*h**3 + 3*h**2 + 2*h. Determine s(-1).
12
Let i(h) = h**2 + 4*h + 14. Give i(-4).
14
Let w(u) = -19*u + 1. Calculate w(4).
-75
Let i(g) = g**3 + g**2 - g - 4. What is i(2)?
6
Let l(p) = p**3 - 15*p**2 + 11*p + 24. Give l(14).
-18
Let i(t) = -t**2 + 6*t - 9. What is i(4)?
-1
Let l(j) = -j**3 + 10*j**2 - 15*j + 77. Give l(9).
23
Let z(g) = -3*g + 2. Give z(13).
-37
Let i(x) = -3*x**2 - 9*x - 10. What is i(-7)?
-94
Let q(n) = -78*n - 621. Give q(-8).
3
Let l(u) = u**3 - 9*u**2 - 9*u - 15. What is l(10)?
-5
Let i(q) = q**2 + 16*q + 42. Give i(-5).
-13
Let l(y) = -2*y**3 - 9*y**2 + 7*y + 11. Give l(-5).
1
Let m(u) = -u**3 - 12*u**2 - 32*u - 6. Give m(-7).
-27
Let x(k) = -k**3 + 10*k**2 - 17*k - 1. Calculate x(8).
-9
Let s(l) = l**2 - 20*l + 11. Determine s(9).
-88
Let h(n) = n**3 - 5*n**2 - 8*n + 14. Give h(5).
-26
Let p(j) = 4*j + 14. Calculate p(-3).
2
Let i(t) = -7*t + 14. Give i(-5).
49
Let b(m) = 2*m**3 + 3*m**2 - 3*m - 2. Determine b(-4).
-70
Let g(f) = f**2 + 61*f - 557. What is g(8)?
-5
Let y(r) = -r**3 - 5*r**2 + 15*r + 2. What is y(-8)?
74
Let f(y) = y**3 - 17*y**2 + 2*y - 42. Give f(17).
-8
Let b(y) = 7*y - 1. Give b(1).
6
Let k(l) = 3*l**2 - 44*l - 20. What is k(15)?
-5
Let o(q) = -q**3 + q**2 + q - 19. Calculate o(0).
-19
Let j(n) = -3*n**3 - 3*n**2 + 2*n + 1. Give j(1).
-3
Let x(t) = -t**2 + 37. Give x(6).
1
Let l(v) = 10*v - 16. Calculate l(-4).
-56
Let i(n) = 37*n - 6. Give i(-3).
-117
Let w(n) = -n**2 + 6*n - 16. What is w(6)?
-16
Let v(g) = g**3 - 7*g**2 + 5*g + 10. Determine v(5).
-15
Let c(q) = q**2 - 11*q + 1. Give c(8).
-23
Let y(c) = -3*c**2 - 141*c + 141. Give y(-48).
-3
Let c(f) = -f**3 - f**2 - f + 11. Determine c(0).
11
Let o(n) = n**3 + 8*n**2 + n + 17. Determine o(-8).
9
Let m(o) = 5*o + 8. Calculate m(17).
93
Let x(l) = -24*l + 219. Determine x(9).
3
Let j(c) = -c**3 - 6*c**2 + c + 8. Determine j(-5).
-22
Let z(x) = x**2 + 40*x - 828. What is z(15)?
-3
Let c(u) = 4*u + 87. Calculate c(-18).
15
Let l(b) = -b**2 - 2*b + 3. Calculate l(0).
3
Let f(u) = -3*u - 26. Determine f(-8).
-2
Let r(m) = m**3 - 8*m**2 - 3*m + 14. Determine r(5).
-76
Let k(u) = 4*u**2 - u + 5. Calculate k(4).
65
Let o(d) = d + 9. What is o(-10)?
-1
Let f(u) = 16*u**3 + u**2 + u - 1. What is f(1)?
17
Let i(m) = 6*m + 1. Determine i(2).
13
Let a(i) = -i**2 + 13*i + 8. Give a(11).
30
Let j(d) = -d + 6. Give j(-6).
12
Let y(u) = -8*u + 8. Determine y(13).
-96
Let u(d) = d**2 - 4*d - 75. What is u(-7)?
2
Let b(r) = -15*r + 36. What is b(3)?
-9
Let z(p) = -3*p - 14. Calculate z(-13).
25
Let g(w) = -2*w + 47. Give g(11).
25
Let g(s) = 5*s**2 - 64*s - 13. Give g(13).
0
Let q(k) = -k**2 - 4. Give q(-3).
-13
Let y(h) = -20*h + 51. Determine y(4).
-29
Let f(p) = 6*p**2 - 38*p - 1. Determine f(6).
-13
Let g(r) = -3*r**3 + 56*r**2 + 21*r - 41. Determine g(19).
-3
Let w(l) = -l**2 + 7*l + 1. Determine w(9).
-17
Let g(y) = y**2 +